*j - 5*f - 535 = 4*j. What is the greatest common divisor of 12 and j?
12
Let q be (-2)/9 + 472/18. Suppose -3*r = q - 65. Suppose 0 = -3*j + 14 + r. Calculate the highest common factor of j and 6.
3
Suppose 17 = -12*h + 13*h. Calculate the highest common divisor of h and 187.
17
Let w(r) = -r**3 + 9*r**2 + r + 2. Let g be w(9). Calculate the highest common divisor of 121 and g.
11
Let d be (-4 - -4) + (-1 - -5). Let n be (6/d)/(2/60). What is the highest common divisor of 30 and n?
15
Let z(r) = 13*r - 23. Let n be z(7). What is the highest common divisor of 17 and n?
17
Let c(p) = p**3 + 10*p**2 - 4*p - 7. Let h be c(-10). What is the highest common divisor of 3 and h?
3
Suppose 8*t - 9 = 7*t. Suppose -t - 6 = -v. What is the greatest common factor of v and 45?
15
Let t(r) = 3*r - 14. Let w be t(8). Calculate the highest common divisor of w and 110.
10
Suppose 2*a - 2 = 4. Let m be 1*26 + (a - 3). Let j = 40 - 27. Calculate the greatest common factor of m and j.
13
Let n = 31 - 16. Suppose -11 = -5*z + 4. What is the highest common factor of n and z?
3
Suppose 0*g + 3*w + 6 = 5*g, 0 = -2*g + 3*w - 3. Suppose 0 = 4*a - 3*a - g. Let o = -20 + 53. Calculate the highest common divisor of o and a.
3
Suppose -4*m + 9*m + w = 525, 3*m - 3*w = 297. Suppose -4*f + 3*v + m = 0, 3*f - 30 = f - 4*v. What is the highest common factor of 23 and f?
23
Let j be 1/((-1)/(-20))*-1. Suppose -4*k + 2*k - 106 = 0. Let r = j - k. What is the greatest common divisor of r and 11?
11
Suppose 518 = c + 175. Let m = -175 + c. What is the greatest common divisor of 21 and m?
21
Suppose 5*t + 4*m = -20, -5*m - 6 = 5*t + 19. Suppose t = 3*z - 4 - 14. What is the greatest common factor of 30 and z?
6
Let m = -10 - -15. Suppose 40 = -2*l - 3*l. Let z = -3 - l. What is the highest common divisor of z and m?
5
Let z be 82 + -1 + (0 - 0). Let f(r) = 6*r**2 + 7*r - 1. Let n be f(-2). What is the highest common divisor of z and n?
9
Suppose 0 = 34*h - 36*h + 200. What is the greatest common factor of 20 and h?
20
Suppose 2*h - 3*x = 182, -253 = -5*h - 3*x + 223. Let v = -64 + h. Calculate the greatest common divisor of 10 and v.
10
Suppose -8*v = -304 - 272. Calculate the highest common factor of 18 and v.
18
Suppose 0*t = -t + 100. Let m = 145 - t. Suppose -2*w + 41 = 3*b, 0 = b + w + 3*w - 7. Calculate the highest common factor of m and b.
15
Suppose -3*y = 39 + 15. Let r be 40/6*y/(-15). Let z = r - 3. Calculate the greatest common divisor of 10 and z.
5
Let s = 26 - 12. Calculate the highest common factor of s and 21.
7
Let b = -6 - 17. Let m = -14 - b. Let l = -47 - -83. Calculate the highest common factor of m and l.
9
Let r(k) = 4*k**2 + 1. Let c be r(1). Suppose 4*h - 46 = 34. What is the highest common factor of c and h?
5
Let x(w) = 185*w**2 + 10*w + 16. Let j(z) = -37*z**2 - 2*z - 3. Let c(b) = -11*j(b) - 2*x(b). Let h be c(-1). Calculate the highest common divisor of 18 and h.
18
Let c be 44/6*(-30)/(-4). Let f = 74 + -63. Calculate the highest common divisor of f and c.
11
Suppose 4*r = 5*r + 5*m + 4, -4*m + 49 = -r. Let o = -18 - r. What is the highest common factor of o and 11?
11
Suppose 2 - 278 = -23*m. What is the highest common divisor of 132 and m?
12
Let h = 7 + -4. Let g be 80/13 + (-10)/65. What is the highest common factor of g and h?
3
Suppose -7 = -n + 19. Calculate the highest common factor of 39 and n.
13
Let d be (-1)/4 + ((-4291)/(-4))/7. What is the highest common factor of d and 17?
17
Let d(w) = w**3 - 8*w**2 + 6*w + 10. Let l be d(8). Let t = 118 - l. Calculate the greatest common factor of t and 12.
12
Let s be 7 - 3/6*-6. Let w(j) = 4*j + 5. Let v be w(6). Let u be (-1 - v)*(-15)/s. What is the highest common factor of 9 and u?
9
Let w = 66 + -41. What is the highest common divisor of w and 175?
25
Suppose -24 = -4*j - 2*l, -4*j = 2*l - 3*l - 24. Suppose r - j = -r. Suppose -4*g - 7 = y, 33 = 3*y - r*g - 6. What is the greatest common divisor of y and 27?
9
Let a(x) = x**2 - 9*x + 8. Let v be a(7). Let f(g) = 2*g**2 + 8*g - 4. Let k be f(v). Calculate the highest common divisor of k and 8.
4
Let m = 44 + -20. What is the highest common divisor of 8 and m?
8
Suppose 3*z - 356 - 106 = 0. Let l = 40 - 26. Suppose 2*u - 14 = l. What is the highest common factor of z and u?
14
Let j = 51 + -27. Suppose -2*a - 19 = -3*w, -5*w + 2*w + 4*a = -11. Suppose -3 = -4*l + w. Calculate the greatest common factor of j and l.
3
Let w(m) be the second derivative of m**4/12 - m**3/6 + 2*m**2 + 3*m. Let j be w(3). Calculate the highest common factor of j and 110.
10
Let h(j) = 11*j**2 + 2*j + 4. Let u be h(-2). What is the greatest common divisor of u and 110?
22
Let j(o) = 2*o + 5. Let w be j(10). Suppose -3*s + w = 1. Suppose 0 = 2*u - 4 - 0. What is the greatest common factor of u and s?
2
Suppose -2*c = 2*s + 24, -5*s - 65 + 12 = 4*c. Let m = c - -14. What is the highest common factor of m and 7?
7
Suppose 3*u - 55 = -5*f, 0 = f + u + u - 11. Calculate the highest common divisor of f and 33.
11
Let z(v) = -v**2 - 9*v - 10. Let x(a) = a + 3. Let j be x(-10). Let b be z(j). Let k = -44 - -88. Calculate the highest common factor of k and b.
4
Let y = -15 + 17. Let r be (-2)/(-1) + -1 + 5. What is the highest common divisor of y and r?
2
Suppose 3 = 4*t - 1. Calculate the greatest common factor of t and 9.
1
Suppose 0*p + 3*p = 417. Let v be (2 - -1)/3 + p. Suppose 4*l - v = -4*g, -70 = -2*g - 0*l + 2*l. Calculate the greatest common divisor of 7 and g.
7
Let z be -5 + (3 - 3) + 2. Let s be (-171)/(-15) + z/(-5). Calculate the highest common divisor of s and 36.
12
Let l(z) = -z**3 + 6*z**2 + 2*z + 5. Let k be l(6). Let v = 64 + -13. Calculate the greatest common divisor of v and k.
17
Suppose -2*w - 3*w = -595. Suppose -14 = -t + 3. Calculate the highest common factor of w and t.
17
Let z(i) = -8*i**2 - 11*i + 8. Let m(w) = w**3. Let t(k) = -m(k) - z(k). Let v be t(9). Let a = 15 - v. What is the greatest common divisor of 50 and a?
5
Suppose 2*d + 47 = -5*u, -2*u - d = -0*d + 18. Suppose 0 = -4*j - r + 10, -5*j + 7 + 9 = 3*r. Let w = j - u. What is the greatest common factor of w and 104?
13
Let i(y) = y**3 + y**2 - 3*y. Let j be i(3). What is the highest common factor of 135 and j?
27
Let m be (95/(-38))/((-2)/16). Calculate the greatest common divisor of 60 and m.
20
Let o(l) = -l**2 + 5*l - 3. Let d be o(2). Suppose d*y = 2*z - 2*y - 31, z = 3*y + 17. Let v = -90 + 178. Calculate the highest common factor of z and v.
8
Let d = 18 - 12. Calculate the highest common factor of 9 and d.
3
Let u be ((-1)/1)/((-1)/60). Calculate the greatest common factor of u and 15.
15
Suppose 0 = 3*l + 5*z - 425, 558 = 4*l - 3*z + z. Suppose -6*q = -q - l. Calculate the highest common divisor of q and 14.
14
Let n be (-7)/63 + 112/36. What is the highest common divisor of n and 39?
3
Suppose -l + 0*l = -12. Suppose 0 = 3*o - 3 - 15. Let z = o + 0. What is the greatest common divisor of l and z?
6
Suppose 0 = 3*k - 38 + 5. Let g = 19 + 14. What is the greatest common divisor of k and g?
11
Let k = -3 + -104. Let q = k + 238. Let v = q + -62. Calculate the highest common factor of 23 and v.
23
Let j = 44 + -72. Let h be (j/(-6))/((-1)/(-9)). Calculate the highest common divisor of 28 and h.
14
Let t be 147/(-35)*(-10)/6. Calculate the greatest common divisor of t and 224.
7
Let l = -31 + 55. What is the highest common factor of l and 12?
12
Let w = 77 + -41. What is the highest common divisor of w and 8?
4
Let p be ((-1)/(-1))/((-4)/12). Let a be 54 + (0 - 3 - p). Suppose -3*l = -3*t - a, 2*t + 17 = 3*l - 34. What is the highest common factor of l and 105?
15
Let r = 146 + -142. Calculate the greatest common factor of r and 3.
1
Let t(i) = i**2 + 30. Let w be (-3 + (3 - 0))/(-1). Let o be t(w). Calculate the highest common divisor of o and 20.
10
Let b be 590/8 - 1/(-4). Suppose -3*u - 5*t + b = 0, 0 = 2*u + 7*t - 2*t - 56. Let y be 4*(-10 + 9) - (-20)/2. Calculate the greatest common divisor of u and y.
6
Let l = 8 - -9. Let r = 29 - l. What is the highest common divisor of r and 30?
6
Let a = -340 - -516. Calculate the greatest common divisor of 22 and a.
22
Let w be (-2307)/(-24) - 4/32. What is the highest common divisor of w and 12?
12
Suppose 0 = -s - s - 4. Let w be 